{"id":29,"date":"2021-11-23T15:07:21","date_gmt":"2021-11-23T14:07:21","guid":{"rendered":"http:\/\/staging.tv2000.it\/canonico\/?page_id=29"},"modified":"2024-09-19T17:33:42","modified_gmt":"2024-09-19T15:33:42","slug":"il-programma","status":"publish","type":"page","link":"https:\/\/staging.tv2000.it\/canonico\/il-programma\/","title":{"rendered":"Il programma"},"content":{"rendered":"<p>Dopo il successo della prima stagione, <strong>su Tv2000 dal 16 settembre in prima serata<\/strong>, torna &#8220;Canonico&#8221;, la serie tv ambientata in una parrocchia. Protagonista come sempre <strong><em>Michele La Ginestra<\/em><\/strong>, nei panni di un sacerdote attorno al quale si raccoglie una comunit\u00e0.<br \/>\nNella seconda stagione cambiano i luoghi perch\u00e9 il parroco don Michele \u00e8 stato trasferito in un&#8217;altra chiesa, e si aggiungono nuovi personaggi, tra cui il sindaco del paese che \u00e8 una donna.<\/p>\n<p>Insieme a La Ginestra, <strong>confermato il cast originario<\/strong> che comprendeva<em> Fabio Ferrari<\/em> (il vescovo) , <em>Federico Perrotta<\/em> (tuttofare), <em>Mariateresa Pascale<\/em> (perpetua), <em>Andrea D\u2019Andreagiovanni<\/em> (tuttofare, ha la sindrome di asperger), <em>Federico Lima Roque<\/em> (vice parroco), <em>Elisabetta Mandalari<\/em> (psicologa del paese, amica di don Michele), <em>Eugenia Bardanzellu<\/em> (nipote di don Michele) e <em>Alessandro La Ginestra<\/em> (giovane della parrocchia).<\/p>\n<p>Nella seconda serie <strong>Lucianna De Falco<\/strong> \u00e8 Erica la sindaca; <strong>Lorenzo Balducci<\/strong> \u00e8 l&#8217; ex militare Armando tornato dall\u2019Afghanistan; Leonardo Pistella \u00e8 Nicola, figlio della perpetua Angela; <strong>Pietro De Silva<\/strong> \u00e8 il barbiere Fulvio; <strong>Morgana Giovannetti<\/strong> \u00e8 la barista Gloria; <strong>Ettore Nigro<\/strong> \u00e8 Vittorio, il padre di Nicola; <strong>Mario Barletta<\/strong> \u00e8 Pasquale, il tuttofare del Comune.<\/p>\n<p>Le riprese sono state effettuate a Genzano (Roma) e tra Pietra Ligure, Giustenice e Borgio Verezzi (Liguria).<\/p>\n<p>Prodotta da MapToTheStars per Tv2000, <strong><em>regia di Peppe Toia<\/em><\/strong>.<\/p>\n<p><img class=\"aligncenter wp-image-813 size-full\" src=\"https:\/\/staging.tv2000.it\/canonico\/wp-content\/uploads\/sites\/70\/2023\/04\/Don-Michele-Canonico-2.jpg\" alt=\"\" width=\"1200\" height=\"800\" srcset=\"https:\/\/staging.tv2000.it\/canonico\/wp-content\/uploads\/sites\/70\/2023\/04\/Don-Michele-Canonico-2.jpg 1200w, https:\/\/staging.tv2000.it\/canonico\/wp-content\/uploads\/sites\/70\/2023\/04\/Don-Michele-Canonico-2-300x200.jpg 300w, https:\/\/staging.tv2000.it\/canonico\/wp-content\/uploads\/sites\/70\/2023\/04\/Don-Michele-Canonico-2-1024x683.jpg 1024w, https:\/\/staging.tv2000.it\/canonico\/wp-content\/uploads\/sites\/70\/2023\/04\/Don-Michele-Canonico-2-768x512.jpg 768w, https:\/\/staging.tv2000.it\/canonico\/wp-content\/uploads\/sites\/70\/2023\/04\/Don-Michele-Canonico-2-41x27.jpg 41w, https:\/\/staging.tv2000.it\/canonico\/wp-content\/uploads\/sites\/70\/2023\/04\/Don-Michele-Canonico-2-280x187.jpg 280w, https:\/\/staging.tv2000.it\/canonico\/wp-content\/uploads\/sites\/70\/2023\/04\/Don-Michele-Canonico-2-650x433.jpg 650w\" sizes=\"(max-width: 1200px) 100vw, 1200px\" \/><\/p>\n","protected":false},"excerpt":{"rendered":"Dopo il successo della prima stagione, su Tv2000 dal 16 settembre in prima serata, torna &#8220;Canonico&#8221;, la serie tv ambientata in una parrocchia. Protagonista come sempre Michele La Ginestra, nei panni di un sacerdote attorno al quale si raccoglie una comunit\u00e0. Nella seconda stagione cambiano i luoghi perch\u00e9 il parroco don Michele \u00e8 stato trasferito [&hellip;]","protected":false},"author":6,"featured_media":0,"parent":0,"menu_order":0,"comment_status":"closed","ping_status":"closed","template":"","meta":[],"acf":[],"aioseo_notices":[],"_links":{"self":[{"href":"https:\/\/staging.tv2000.it\/canonico\/wp-json\/wp\/v2\/pages\/29"}],"collection":[{"href":"https:\/\/staging.tv2000.it\/canonico\/wp-json\/wp\/v2\/pages"}],"about":[{"href":"https:\/\/staging.tv2000.it\/canonico\/wp-json\/wp\/v2\/types\/page"}],"author":[{"embeddable":true,"href":"https:\/\/staging.tv2000.it\/canonico\/wp-json\/wp\/v2\/users\/6"}],"replies":[{"embeddable":true,"href":"https:\/\/staging.tv2000.it\/canonico\/wp-json\/wp\/v2\/comments?post=29"}],"version-history":[{"count":5,"href":"https:\/\/staging.tv2000.it\/canonico\/wp-json\/wp\/v2\/pages\/29\/revisions"}],"predecessor-version":[{"id":3025,"href":"https:\/\/staging.tv2000.it\/canonico\/wp-json\/wp\/v2\/pages\/29\/revisions\/3025"}],"wp:attachment":[{"href":"https:\/\/staging.tv2000.it\/canonico\/wp-json\/wp\/v2\/media?parent=29"}],"curies":[{"name":"wp","href":"https:\/\/api.w.org\/{rel}","templated":true}]}}